units digit of x?
1
Let n(g) = -g**2 + 11*g - 8. Let q be n(10). Suppose 3*z - 5*h - 180 = -q*h, -3*h = -4*z + 243. What is the units digit of z?
3
Let l(p) = 8*p - 5. Let w be l(3). Suppose w*n = 14*n + 280. What is the units digit of n?
6
Suppose 385*i - 2270 = 380*i. What is the tens digit of i?
5
Suppose 0 = x - g - 0*g - 5, -4*g - 12 = -2*x. Suppose 3*i = -12, -i = -5*b + x*i + 195. What is the units digit of b?
5
Suppose -3*f + 105 + 1377 = 0. What is the tens digit of f?
9
What is the hundreds digit of ((-31704)/12)/(0 - (6 - 5))?
6
Let g(z) be the first derivative of z**4/6 + z**3/6 - 2*z**2 + 5*z - 3. Let m(k) be the first derivative of g(k). What is the units digit of m(-3)?
1
Let q = 29 + -88. Let d = 73 + q. What is the units digit of d?
4
Let l = 22 + -22. Suppose -3*a + 5*q - 137 = l, -2*q = a - 7*q + 39. Let i = a - -73. What is the tens digit of i?
2
Suppose 22*a - 1788 = 1798. What is the units digit of a?
3
Let i = -1308 - -2275. What is the tens digit of i?
6
Suppose -1176 = -980*v + 968*v. What is the units digit of v?
8
Let b(d) be the first derivative of 2*d**2 + 5*d + 2. Let q = 22 + -16. What is the tens digit of b(q)?
2
Let x(v) = -v**2 - 9*v + 22. Suppose -c = 5 + 4. Let l be -4*c/12 - 13. What is the units digit of x(l)?
2
Suppose 5*g = 4*b - 1622, 3*b = 4*b + 2*g - 399. What is the units digit of b?
3
Let p be (6/4)/(18/24). Let d = p + -2. Suppose 4*x = -c - d*c + 31, 24 = 3*x + c. What is the units digit of x?
7
Let h be ((-2 + 2)/5)/(-1). Suppose h = -u - 2*u. Suppose u*q = 2*q - 2, -3*q = -i + 22. What is the tens digit of i?
2
Let z(y) be the third derivative of 7*y**5/60 + 3*y**4/8 + y**3/2 - 9*y**2. What is the hundreds digit of z(5)?
2
Suppose 33 = -4*k - 159. Let p = -83 - k. Let c = p + 67. What is the tens digit of c?
3
Let r(y) = 8*y**2 - 7*y + 5. Let h(c) = -c**3 - 12*c**2 - 9*c + 25. Let f be h(-11). What is the tens digit of r(f)?
5
Let n(o) = -5*o**3 + 3*o**2 - o - 7. Suppose -86*t + 88*t = -6. What is the hundreds digit of n(t)?
1
Let s(n) be the third derivative of n**5/60 + n**4/3 + 5*n**3/2 - 32*n**2. What is the units digit of s(-7)?
8
Let s(c) = -8*c**2 - 11*c + 10. Let n be s(10). Let u be ((-2)/4)/(3/n). Suppose 8*t - 3*t - u = 0. What is the tens digit of t?
3
Suppose 3*o = -18*h + 14*h + 6755, -h + 2 = 0. What is the units digit of o?
9
Let l = 64 - 62. Suppose -5*h + 248 = 4*o, -l*h + 9 = 1. What is the units digit of o?
7
Let d = 11 - 8. Suppose -b + 129 = b - 3*n, 0 = -5*b - d*n + 333. What is the units digit of b?
6
What is the tens digit of (38/(-10) - -3) + 96940/50?
3
Suppose 4*m - 5*b + 3*b = 1306, 2*b = 2*m - 656. What is the hundreds digit of m?
3
What is the units digit of -10*((-426)/6 - -4)?
0
Suppose 2820 = -2*l + 14*l. What is the hundreds digit of l?
2
Let c = -397 + 1178. What is the tens digit of c?
8
Let l(x) = x + 113. Let n be (-28)/(-238) + 4/(-34). What is the tens digit of l(n)?
1
Suppose -136*f + 7500 = -130*f. What is the hundreds digit of f?
2
Let y(j) = -55*j - 31. Suppose -2*f + 3 + 1 = 0. Let m(a) = 11*a + 6. Let t(c) = f*y(c) + 11*m(c). What is the units digit of t(3)?
7
Suppose -2*m + f = -53, -3*m + 0*f + 80 = -f. What is the units digit of -2 - 9/(m/(-762))?
2
Suppose 29 = 7*d - 6. Suppose 0 = 3*c - 0*o - 2*o + 92, 0 = -2*c - d*o - 93. Let s = c - -47. What is the units digit of s?
3
What is the tens digit of (-54)/9*(458/(-6) + -1)?
6
Suppose -42*p + 47389 = -93353. What is the thousands digit of p?
3
Let o = 7 - 7. Suppose -2*l + 7 + 5 = o. Suppose -l*r = -r - 90. What is the units digit of r?
8
Let k(n) = n**3 + n**2 + 2*n - 1. Let q(v) = 3*v - 2. Let w be q(2). Let m be k(w). Suppose 5*c - 2*d = m, -2*c - d + 54 = 3*d. What is the tens digit of c?
1
What is the tens digit of (-14)/(-5 - 2) - (-287 - 1)?
9
What is the tens digit of (255/(-170))/((-3)/1318)?
5
Let w(b) = b**2 - 1. Let f(p) = 2*p**2 - 8*p - 10. Let y(z) = f(z) - w(z). What is the tens digit of y(10)?
1
Let s(n) = -73*n - 195. What is the units digit of s(-8)?
9
Let v = -10 - -13. Suppose v*r - 69 = -4*j, -46 = 3*r - 5*r + 2*j. Suppose -n + r = 2. What is the tens digit of n?
2
Let n be 2/(-8) + (-126)/(-24). Let m = 3 + n. What is the units digit of m?
8
Suppose -b - 70 + 20 = 2*l, 2*b = -3*l - 75. Let m be (-568)/5 - 15/l. Let q = -81 - m. What is the units digit of q?
2
Let f = 416 + 24. What is the units digit of f?
0
Let u(v) = -3 + 2*v - 2*v + 6*v. Suppose -5*i + 5*a = 0, -10 = -4*i - a + 5. What is the units digit of u(i)?
5
What is the hundreds digit of 3/6 + (-3 - 3145/(-10))?
3
Suppose -5*b + b + 8 = 0. Let o be (-4)/(2*2/50). What is the tens digit of (80/o)/(b/(-15))?
1
Let r(u) = -132*u**2 - 4*u + 6. Let b be r(-5). What is the hundreds digit of -5 - b/22 - (-4)/22?
1
Let n(p) = 8*p + 8. Let y be n(-3). What is the units digit of y/(-5) - (-3)/(-15)?
3
Suppose 3*g = 43 - 7. What is the hundreds digit of (205 + (-2)/2)*g/24?
1
Let v = -381 + 651. What is the hundreds digit of v?
2
Suppose -7*s = -2*y - 4*s + 8507, 0 = 4*y + 5*s - 17069. What is the thousands digit of y?
4
Let o(l) = -12*l - 9. Let v(w) = -6*w - 5. Let j(x) = 6*x + 5. Let h(p) = 2*j(p) + 3*v(p). Let c(z) = 9*h(z) - 5*o(z). What is the tens digit of c(9)?
5
What is the units digit of (53 + -705)/((-8)/50)?
5
Let n be (-4 - -3)*13*-1. Let a = n - 64. Let i = 96 + a. What is the tens digit of i?
4
Let g be ((-20)/25)/(4/(-10)). Suppose g*m + 4 = -3*s, -4*s - 3*m + 1 = 8. What is the units digit of ((-18)/(-21))/(s/14)?
6
Let b(a) = a**2. Let d(t) = -2*t**2 + 13*t - 2. Let p(h) = 3*b(h) + d(h). Let u be p(-9). Let o = u - -68. What is the tens digit of o?
3
Suppose 58*i - 11*i - 20445 = 0. What is the tens digit of i?
3
Suppose 56 = -2*i - 36. Let m = i - -105. What is the tens digit of m?
5
Let f(x) = -40*x + 11. Let n be f(7). Let b = n - -522. What is the hundreds digit of b?
2
Suppose -2*w - 637 + 127 = -y, -4*y - 5*w = -2066. What is the units digit of y?
4
Suppose 0 = 38*z + 5583 - 117987. What is the thousands digit of z?
2
Let x(w) = -18*w - 6. Suppose 5 = 5*d - 15, -3*r - d = 8. What is the units digit of x(r)?
6
What is the units digit of 0/(6/9*-3) - -22?
2
Suppose -5*c = -392 + 4082. Let h = 1078 + c. What is the units digit of h/14 - (-6)/(-21)?
4
Suppose -5*y = -5*s - 1030, 3*y = -4*s - 2*y - 851. Let v = s - -299. What is the units digit of v?
0
Let h be (2/4)/(1/4). Suppose 0 = 5*x + x. What is the units digit of x + -3 + 8 + h?
7
Suppose -4*w + 156 - 24 = 0. Suppose -w = -3*p + 5*n + 97, 0 = 2*n - 8. What is the units digit of 3/(-12) - p/(-8)?
6
Suppose 36 = 3*w - 81. Suppose -3*o = 3*u + 33, 3*u = -2*u + 3*o - w. Let i = -5 - u. What is the units digit of i?
4
Suppose -3*h + v = -13, 2*h = -2*h - 5*v - 8. Suppose 5*z + 15 = 0, -3*z = 4*p - 30 - 17. Let o = p - h. What is the units digit of o?
1
Let m(y) = 2*y**3 + 3*y**2 - 3*y - 1. Let g be m(-6). Let l = 447 + g. What is the tens digit of l?
4
What is the units digit of (-27)/(-1 + 10) - -179?
6
Suppose -u + 4 - 16 = 0. Let g(j) = -18*j - 65. What is the hundreds digit of g(u)?
1
Let w(k) = -k**2 - 19*k + 16. Suppose -7*z = 60 + 24. What is the hundreds digit of w(z)?
1
Let o(f) = 140*f + 18. Let z(d) = -70*d - 9. Let a(p) = 6*o(p) + 13*z(p). What is the units digit of a(-3)?
1
Let x = -2668 + 4697. What is the thousands digit of x?
2
Let r(g) = 232*g**2 - 2*g - 2. Let v be r(-1). What is the units digit of (-4)/(-12) - (-3)/(18/v)?
9
What is the units digit of ((-10)/6)/((-5)/345)?
5
Let n(z) be the second derivative of z**3/2 - 7*z**2/2 + 5*z. Let q be n(5). Let i = 11 - q. What is the units digit of i?
3
Let k = 1895 + -1239. What is the tens digit of k?
5
Let h = 10 - 15. Let g be ((-2)/h)/(1/10). Suppose g*x - 5 - 7 = 0. What is the units digit of x?
3
Let y(d) = d**3 + 9*d**2 + 9. Let c be y(-9). Suppose 9*p - 12*p = -c. Suppose -5*r + 86 + 38 = p*m, m - 3 = 0. What is the units digit of r?
3
Let q = 141 + -68. What is the tens digit of q?
7
What is the units digit of 1839 + (-5)/(-1)*2?
9
Suppose -z - 2*k + 3 = 0, -3*z - 10 - 11 = -4*k. Let i(h) = 12*h + 8*h + 1 - h**3 + 14*h - 35*h + h**2. What is the units digit of i(z)?
0
Suppose 209 = 2*s + 39. What is the tens digit of (-2)/(4 + -5 - s/(-87))?
8
What is the units digit of -111*14/